{"id":68,"date":"2025-05-29T07:53:09","date_gmt":"2025-05-29T07:53:09","guid":{"rendered":"https:\/\/valorwaste.ase.ro\/?page_id=68"},"modified":"2025-05-29T08:14:57","modified_gmt":"2025-05-29T08:14:57","slug":"dissemination","status":"publish","type":"page","link":"https:\/\/valorwaste.ase.ro\/?page_id=68","title":{"rendered":"Dissemination"},"content":{"rendered":"\n<p><strong>1. List of Publications<\/strong><\/p>\n\n\n\n<p>2024 Catarina Silva, Pedro Silva, Rui Sousa, Maria de Lurdes Dinis (2024). Mine Waste Stream Valorization. Proceedings of the IJUP2024, Encontro de Investiga\u00e7\u00e3o Jovem UP, 8-10 maio 2024. Proceedings of the IJUP 2024, Encontro de Investiga\u00e7\u00e3o Jovem UP, 8-10 may 2024; <a href=\"https:\/\/www.up.pt\/ijup\/wp-content\/uploads\/sites\/892\/2024\/05\/Livro-de-Resumos_final.pdf\">https:\/\/www.up.pt\/ijup\/wp-content\/uploads\/sites\/892\/2024\/05\/Livro-de-Resumos_final.pdf<\/a><\/p>\n\n\n\n<p>2024 Sulphide Mine Waste Valorization. Proceedings of the IJUP2024, Encontro de Investiga\u00e7\u00e3o Jovem UP, 8-10 maio 2024. Proceedings of the IJUP 2024, Encontro de Investiga\u00e7\u00e3o Jovem UP, 8-10 may 2024; <a href=\"https:\/\/www.up.pt\/ijup\/wp-content\/uploads\/sites\/892\/2024\/05\/Livro-de-Resumos_final.pdf\">https:\/\/www.up.pt\/ijup\/wp-content\/uploads\/sites\/892\/2024\/05\/Livro-de-Resumos_final.pdf<\/a><\/p>\n\n\n\n<p>2024 Georgescu, I.A., Oprea, S.V., B\u00e2ra, A. (2024). Time-frequency connectedness between electricity prices in Romania and its determinants in the competitive markets. Kybernetes, May 2024. https:\/\/doi.org\/10.1108\/K-01-2024-0268, WOS:001214182700001<\/p>\n\n\n\n<p>2024 Georgescu, I.A., Oprea, S.V., B\u00e2ra, A. (2024). An analysis of the geopolitical and economics influence on tourist arrivals in Russia using a nonlinear autoregressive distributed lag model. Kybernetes, Apr 2024. https:\/\/doi.org\/10.1108\/K-01-2024-0265, WOS:001207439700001<\/p>\n\n\n\n<p>2024 Georgescu, I.A., Oprea, S.V., B\u00e2ra, A. (2024). Analyzing causality and cointegration of macroeconomics and energy-related factors of Nordic and SEE European countries. Journal of Business Economics and Management, Jul 2024. https:\/\/doi.org\/10.3846\/jbem.2024.21677 , WOS:001263975400001<\/p>\n\n\n\n<p>2024 B\u00e2ra, A., V\u0103duva, A.G., Oprea, S.V. (2024). Anomaly Detection in Weather Phenomena: News and Numerical Data\u2011Driven Insights into the Climate Change in Romania&#8217;s Historical Regions. International Journal of Computational Intelligence Systems, May 2024. https:\/\/doi.org\/10.1007\/s44196-024-00536-2, WOS:001233909600001<\/p>\n\n\n\n<p>2024 Niculae, A.M., V\u0103duva, A.G. (2024). The role of Big Data in Climate Research. Database Systems Journal, XV (1), 38-47; <a href=\"https:\/\/www.dbjournal.ro\/archive\/35\/35_4.pdf\">https:\/\/www.dbjournal.ro\/archive\/35\/35_4.pdf<\/a><\/p>\n\n\n\n<p>2024 Niculae, A.M., B\u00e2ra, A. (2024, May 23-24). Data Integration Techniques for Building a Comprehensive Air Quality Dataset, The 23rd International Conference on Informatics in Economy (IE 2024), Timi\u0219oara, Rom\u00e2nia, 23-24 May 2024<\/p>\n\n\n\n<p>2024 Oprea, S.V., B\u00e2ra, A. (2024, Dec 11-12). A Multi-agent System Based On LLM For Trading Financial Assets. The International Conference &#8220;Global Economy Under Crisis&#8221; &#8211; 13th Edition, Constan\u021ba, Rom\u00e2nia, Ovidius University Annals. Economic Sciences Series, XXIV (2), 2393-3127.<\/p>\n\n\n\n<p><strong>2. Other Publications:<\/strong><\/p>\n\n\n\n<p>2025 The ValorWaste Project &#8211; IAEA Special Session &#8211; Holistic Approach to NORM Management (R1.09), at the Waste Management Symposia 2025, in Phoenix, Arizona, USA.<\/p>\n\n\n\n<p>2025 Seminars: Research developed at the Mining Engineering field at FEUP \u2013 dissemination session for UPTEC \u2013 Science and Technology Park of the University of Porto, January 22 2025, FEUP, Porto.<\/p>\n\n\n\n<p>2024 Relat\u00f3rio Projeto Integrador L.EMG (julho 2024) \u2013 Ana Catarina Silva<\/p>\n","protected":false},"excerpt":{"rendered":"<p>1. List of Publications 2024 Catarina Silva, Pedro Silva, Rui Sousa, Maria de Lurdes Dinis (2024). Mine Waste Stream Valorization. Proceedings of the IJUP2024, Encontro de Investiga\u00e7\u00e3o Jovem UP, 8-10 maio 2024. Proceedings of the IJUP 2024, Encontro de Investiga\u00e7\u00e3o Jovem UP, 8-10 may 2024; https:\/\/www.up.pt\/ijup\/wp-content\/uploads\/sites\/892\/2024\/05\/Livro-de-Resumos_final.pdf 2024 Sulphide Mine Waste Valorization. Proceedings of the IJUP2024, [&hellip;]<\/p>\n","protected":false},"author":1,"featured_media":0,"parent":0,"menu_order":0,"comment_status":"closed","ping_status":"closed","template":"","meta":{"footnotes":""},"class_list":["post-68","page","type-page","status-publish","hentry"],"_links":{"self":[{"href":"https:\/\/valorwaste.ase.ro\/index.php?rest_route=\/wp\/v2\/pages\/68","targetHints":{"allow":["GET"]}}],"collection":[{"href":"https:\/\/valorwaste.ase.ro\/index.php?rest_route=\/wp\/v2\/pages"}],"about":[{"href":"https:\/\/valorwaste.ase.ro\/index.php?rest_route=\/wp\/v2\/types\/page"}],"author":[{"embeddable":true,"href":"https:\/\/valorwaste.ase.ro\/index.php?rest_route=\/wp\/v2\/users\/1"}],"replies":[{"embeddable":true,"href":"https:\/\/valorwaste.ase.ro\/index.php?rest_route=%2Fwp%2Fv2%2Fcomments&post=68"}],"version-history":[{"count":5,"href":"https:\/\/valorwaste.ase.ro\/index.php?rest_route=\/wp\/v2\/pages\/68\/revisions"}],"predecessor-version":[{"id":81,"href":"https:\/\/valorwaste.ase.ro\/index.php?rest_route=\/wp\/v2\/pages\/68\/revisions\/81"}],"wp:attachment":[{"href":"https:\/\/valorwaste.ase.ro\/index.php?rest_route=%2Fwp%2Fv2%2Fmedia&parent=68"}],"curies":[{"name":"wp","href":"https:\/\/api.w.org\/{rel}","templated":true}]}}